{"id":33,"date":"2017-12-19T11:23:13","date_gmt":"2017-12-19T11:23:13","guid":{"rendered":"https:\/\/www.zootieraerzte.de\/?page_id=33"},"modified":"2021-06-20T09:53:35","modified_gmt":"2021-06-20T08:53:35","slug":"stellungnahmen","status":"publish","type":"page","link":"https:\/\/www.zootieraerzte.de\/?page_id=33","title":{"rendered":"Stellung beziehen."},"content":{"rendered":"<p style=\"text-align: left;\"><strong>Zu Themen von aktueller Relevanz f\u00fcr unseren Berufsstand beziehen wir klare Positionen.<\/strong><\/p>\n<hr \/>\n<p style=\"text-align: left;\">Folgende Stellungnahmen k\u00f6nnen Sie bei uns lesen oder herunterladen:<\/p>\n<p><a href=\"https:\/\/www.zootieraerzte.de\/?page_id=109\" rel=\"noopener\">Positionspapier des VZT zum T\u00f6ten von Zootieren, September 2019<\/a><\/p>\n<p><a href=\"https:\/\/www.zootieraerzte.de\/?page_id=139\">Einsatz von Psychopharmaka bei Zootieren, November 2015<\/a><\/p>\n<p><a title=\"Wir informieren.\" href=\"https:\/\/www.zootieraerzte.de\/?page_id=1440\">Stellungnahme vom Verband der Zootier\u00e4rzte (VZT) und vom Verband der Zoologischen G\u00e4rten (VdZ) zu dem am 22. M\u00e4rz 2021 zur Notifizierung eingereichten Entwurfs zum Erlass des neuen Tierarzneimittelgesetzes (TAMG) sowie zur Anpassung arzneimittelrechtlicher und anderer Vorschriften, Mai 2021<\/a><\/p>\n\n\n<p><\/p>\n","protected":false},"excerpt":{"rendered":"<p>Zu Themen von aktueller Relevanz f\u00fcr unseren Berufsstand beziehen wir klare Positionen. Folgende Stellungnahmen k\u00f6nnen Sie bei uns lesen oder herunterladen: Positionspapier des VZT zum T\u00f6ten von Zootieren, September 2019 Einsatz von Psychopharmaka bei Zootieren, November 2015 Stellungnahme vom Verband der Zootier\u00e4rzte (VZT) und vom Verband der Zoologischen G\u00e4rten (VdZ) zu dem am 22. M\u00e4rz [&hellip;]<\/p>\n","protected":false},"author":1,"featured_media":904,"parent":26,"menu_order":0,"comment_status":"closed","ping_status":"closed","template":"","meta":{"_acf_changed":false,"om_disable_all_campaigns":false,"_monsterinsights_skip_tracking":false,"_monsterinsights_sitenote_active":false,"_monsterinsights_sitenote_note":"","_monsterinsights_sitenote_category":0,"footnotes":""},"class_list":["post-33","page","type-page","status-publish","has-post-thumbnail","hentry"],"acf":[],"aioseo_notices":[],"_links":{"self":[{"href":"https:\/\/www.zootieraerzte.de\/index.php?rest_route=\/wp\/v2\/pages\/33","targetHints":{"allow":["GET"]}}],"collection":[{"href":"https:\/\/www.zootieraerzte.de\/index.php?rest_route=\/wp\/v2\/pages"}],"about":[{"href":"https:\/\/www.zootieraerzte.de\/index.php?rest_route=\/wp\/v2\/types\/page"}],"author":[{"embeddable":true,"href":"https:\/\/www.zootieraerzte.de\/index.php?rest_route=\/wp\/v2\/users\/1"}],"replies":[{"embeddable":true,"href":"https:\/\/www.zootieraerzte.de\/index.php?rest_route=%2Fwp%2Fv2%2Fcomments&post=33"}],"version-history":[{"count":17,"href":"https:\/\/www.zootieraerzte.de\/index.php?rest_route=\/wp\/v2\/pages\/33\/revisions"}],"predecessor-version":[{"id":1445,"href":"https:\/\/www.zootieraerzte.de\/index.php?rest_route=\/wp\/v2\/pages\/33\/revisions\/1445"}],"up":[{"embeddable":true,"href":"https:\/\/www.zootieraerzte.de\/index.php?rest_route=\/wp\/v2\/pages\/26"}],"wp:featuredmedia":[{"embeddable":true,"href":"https:\/\/www.zootieraerzte.de\/index.php?rest_route=\/wp\/v2\/media\/904"}],"wp:attachment":[{"href":"https:\/\/www.zootieraerzte.de\/index.php?rest_route=%2Fwp%2Fv2%2Fmedia&parent=33"}],"curies":[{"name":"wp","href":"https:\/\/api.w.org\/{rel}","templated":true}]}}