{"id":1440,"date":"2021-06-20T09:51:27","date_gmt":"2021-06-20T08:51:27","guid":{"rendered":"https:\/\/www.zootieraerzte.de\/?page_id=1440"},"modified":"2021-06-22T13:22:31","modified_gmt":"2021-06-22T12:22:31","slug":"wir-informieren","status":"publish","type":"page","link":"https:\/\/www.zootieraerzte.de\/?page_id=1440","title":{"rendered":"Wir informieren."},"content":{"rendered":"\n<p><a href=\"https:\/\/www.zootieraerzte.de\/wp-content\/uploads\/2021\/06\/Stellungnahme-VdZ-VZT-zum-TAMG-210531.pdf\" target=\"_blank\" rel=\"noreferrer noopener\">Stellungnahme vom Verband der Zootier\u00e4rzte (VZT) und vom Verband der Zoologischen G\u00e4rten (VdZ) zu dem am 22. M\u00e4rz 2021 zur Notifizierung eingereichten Entwurf zum Erlass des neuen Tierarzneimittelgesetzes (TAMG) sowie zur Anpassung arzneimittelrechtlicher und anderer Vorschriften, Mai 2021<\/a><\/p>\n\n\n\n<hr class=\"wp-block-separator is-style-wide\"\/>\n\n\n\n<div class=\"wp-block-image is-style-default\"><figure class=\"aligncenter size-large is-resized\"><img loading=\"lazy\" decoding=\"async\" src=\"https:\/\/www.zootieraerzte.de\/wp-content\/uploads\/2021\/06\/TAMG-Vorschau.jpg\" alt=\"\" class=\"wp-image-1441\" width=\"349\" height=\"493\" srcset=\"https:\/\/www.zootieraerzte.de\/wp-content\/uploads\/2021\/06\/TAMG-Vorschau.jpg 456w, https:\/\/www.zootieraerzte.de\/wp-content\/uploads\/2021\/06\/TAMG-Vorschau-212x300.jpg 212w\" sizes=\"auto, (max-width: 349px) 100vw, 349px\" \/><\/figure><\/div>\n","protected":false},"excerpt":{"rendered":"<p>Stellungnahme vom Verband der Zootier\u00e4rzte (VZT) und vom Verband der Zoologischen G\u00e4rten (VdZ) zu dem am 22. M\u00e4rz 2021 zur Notifizierung eingereichten Entwurf zum Erlass des neuen Tierarzneimittelgesetzes (TAMG) sowie zur Anpassung arzneimittelrechtlicher und anderer Vorschriften, Mai 2021<\/p>\n","protected":false},"author":6,"featured_media":0,"parent":0,"menu_order":0,"comment_status":"closed","ping_status":"closed","template":"","meta":{"_acf_changed":false,"om_disable_all_campaigns":false,"_monsterinsights_skip_tracking":false,"_monsterinsights_sitenote_active":false,"_monsterinsights_sitenote_note":"","_monsterinsights_sitenote_category":0,"footnotes":""},"class_list":["post-1440","page","type-page","status-publish","hentry"],"acf":[],"aioseo_notices":[],"_links":{"self":[{"href":"https:\/\/www.zootieraerzte.de\/index.php?rest_route=\/wp\/v2\/pages\/1440","targetHints":{"allow":["GET"]}}],"collection":[{"href":"https:\/\/www.zootieraerzte.de\/index.php?rest_route=\/wp\/v2\/pages"}],"about":[{"href":"https:\/\/www.zootieraerzte.de\/index.php?rest_route=\/wp\/v2\/types\/page"}],"author":[{"embeddable":true,"href":"https:\/\/www.zootieraerzte.de\/index.php?rest_route=\/wp\/v2\/users\/6"}],"replies":[{"embeddable":true,"href":"https:\/\/www.zootieraerzte.de\/index.php?rest_route=%2Fwp%2Fv2%2Fcomments&post=1440"}],"version-history":[{"count":5,"href":"https:\/\/www.zootieraerzte.de\/index.php?rest_route=\/wp\/v2\/pages\/1440\/revisions"}],"predecessor-version":[{"id":1467,"href":"https:\/\/www.zootieraerzte.de\/index.php?rest_route=\/wp\/v2\/pages\/1440\/revisions\/1467"}],"wp:attachment":[{"href":"https:\/\/www.zootieraerzte.de\/index.php?rest_route=%2Fwp%2Fv2%2Fmedia&parent=1440"}],"curies":[{"name":"wp","href":"https:\/\/api.w.org\/{rel}","templated":true}]}}